{"id":1061,"date":"2019-01-09T09:52:35","date_gmt":"2019-01-09T09:52:35","guid":{"rendered":"https:\/\/clusterlogistic.org\/wp-content\/uploads\/2019\/01\/Comer\u00e7-online-i-mobilitat-orientacions-cap-a-un-model-sostenible.jpg"},"modified":"2019-01-09T09:52:35","modified_gmt":"2019-01-09T09:52:35","slug":"comerc-online-i-mobilitat-orientacions-cap-a-un-model-sostenible-2","status":"inherit","type":"attachment","link":"https:\/\/clusterlogistic.org\/en\/comerc-online-i-mobilitat-orientacions-cap-a-un-model-sostenible-2\/","title":{"rendered":"Comer\u00e7-online-i-mobilitat-orientacions-cap-a-un-model-sostenible"},"author":3,"featured_media":0,"comment_status":"closed","ping_status":"closed","template":"","meta":[],"class_list":["post-1061","attachment","type-attachment","status-inherit","hentry"],"yoast_head":"<!-- This site is optimized with the Yoast SEO plugin v27.4 - https:\/\/yoast.com\/product\/yoast-seo-wordpress\/ -->\n<title>Comer\u00e7-online-i-mobilitat-orientacions-cap-a-un-model-sostenible - Cl\u00faster Log\u00edstic de Catalunya<\/title>\n<meta name=\"robots\" content=\"index, follow, max-snippet:-1, max-image-preview:large, max-video-preview:-1\" \/>\n<link rel=\"canonical\" href=\"https:\/\/clusterlogistic.org\/wp-content\/uploads\/2019\/01\/Comer\u00e7-online-i-mobilitat-orientacions-cap-a-un-model-sostenible.jpg\" \/>\n<meta property=\"og:locale\" content=\"en_US\" \/>\n<meta property=\"og:type\" content=\"article\" \/>\n<meta property=\"og:title\" content=\"Comer\u00e7-online-i-mobilitat-orientacions-cap-a-un-model-sostenible - Cl\u00faster Log\u00edstic de Catalunya\" \/>\n<meta property=\"og:url\" content=\"https:\/\/clusterlogistic.org\/wp-content\/uploads\/2019\/01\/Comer\u00e7-online-i-mobilitat-orientacions-cap-a-un-model-sostenible.jpg\" \/>\n<meta property=\"og:site_name\" content=\"Cl\u00faster Log\u00edstic de Catalunya\" \/>\n<meta property=\"og:image\" content=\"https:\/\/clusterlogistic.org\/wp-content\/uploads\/2019\/01\/Comer\u00e7-online-i-mobilitat-orientacions-cap-a-un-model-sostenible.jpg\" \/>\n\t<meta property=\"og:image:width\" content=\"884\" \/>\n\t<meta property=\"og:image:height\" content=\"558\" \/>\n\t<meta property=\"og:image:type\" content=\"image\/jpeg\" \/>\n<meta name=\"twitter:card\" content=\"summary_large_image\" \/>\n<script type=\"application\/ld+json\" class=\"yoast-schema-graph\">{\"@context\":\"https:\\\/\\\/schema.org\",\"@graph\":[{\"@type\":\"WebPage\",\"@id\":\"https:\\\/\\\/clusterlogistic.org\\\/wp-content\\\/uploads\\\/2019\\\/01\\\/Comer\u00e7-online-i-mobilitat-orientacions-cap-a-un-model-sostenible.jpg\",\"url\":\"https:\\\/\\\/clusterlogistic.org\\\/wp-content\\\/uploads\\\/2019\\\/01\\\/Comer\u00e7-online-i-mobilitat-orientacions-cap-a-un-model-sostenible.jpg\",\"name\":\"Comer\u00e7-online-i-mobilitat-orientacions-cap-a-un-model-sostenible - Cl\u00faster Log\u00edstic de Catalunya\",\"isPartOf\":{\"@id\":\"https:\\\/\\\/clusterlogistic.org\\\/es\\\/#website\"},\"datePublished\":\"2019-01-09T09:52:35+00:00\",\"breadcrumb\":{\"@id\":\"https:\\\/\\\/clusterlogistic.org\\\/wp-content\\\/uploads\\\/2019\\\/01\\\/Comer\u00e7-online-i-mobilitat-orientacions-cap-a-un-model-sostenible.jpg#breadcrumb\"},\"inLanguage\":\"en-US\",\"potentialAction\":[{\"@type\":\"ReadAction\",\"target\":[\"https:\\\/\\\/clusterlogistic.org\\\/wp-content\\\/uploads\\\/2019\\\/01\\\/Comer\u00e7-online-i-mobilitat-orientacions-cap-a-un-model-sostenible.jpg\"]}]},{\"@type\":\"BreadcrumbList\",\"@id\":\"https:\\\/\\\/clusterlogistic.org\\\/wp-content\\\/uploads\\\/2019\\\/01\\\/Comer\u00e7-online-i-mobilitat-orientacions-cap-a-un-model-sostenible.jpg#breadcrumb\",\"itemListElement\":[{\"@type\":\"ListItem\",\"position\":1,\"name\":\"Portada\",\"item\":\"https:\\\/\\\/clusterlogistic.org\\\/en\\\/\"},{\"@type\":\"ListItem\",\"position\":2,\"name\":\"Comer\u00e7-online-i-mobilitat-orientacions-cap-a-un-model-sostenible\"}]},{\"@type\":\"WebSite\",\"@id\":\"https:\\\/\\\/clusterlogistic.org\\\/es\\\/#website\",\"url\":\"https:\\\/\\\/clusterlogistic.org\\\/es\\\/\",\"name\":\"Cl\u00faster Log\u00edstic de Catalunya\",\"description\":\"associaci\u00f3 sense \u00e0nim de lucre\",\"publisher\":{\"@id\":\"https:\\\/\\\/clusterlogistic.org\\\/es\\\/#organization\"},\"potentialAction\":[{\"@type\":\"SearchAction\",\"target\":{\"@type\":\"EntryPoint\",\"urlTemplate\":\"https:\\\/\\\/clusterlogistic.org\\\/es\\\/?s={search_term_string}\"},\"query-input\":{\"@type\":\"PropertyValueSpecification\",\"valueRequired\":true,\"valueName\":\"search_term_string\"}}],\"inLanguage\":\"en-US\"},{\"@type\":\"Organization\",\"@id\":\"https:\\\/\\\/clusterlogistic.org\\\/es\\\/#organization\",\"name\":\"Cl\u00faster Log\u00edstic de Catalunya\",\"url\":\"https:\\\/\\\/clusterlogistic.org\\\/es\\\/\",\"logo\":{\"@type\":\"ImageObject\",\"inLanguage\":\"en-US\",\"@id\":\"https:\\\/\\\/clusterlogistic.org\\\/es\\\/#\\\/schema\\\/logo\\\/image\\\/\",\"url\":\"https:\\\/\\\/clusterlogistic.org\\\/wp-content\\\/uploads\\\/2017\\\/07\\\/cropped-Logo-CL-llegenda-gran.jpg\",\"contentUrl\":\"https:\\\/\\\/clusterlogistic.org\\\/wp-content\\\/uploads\\\/2017\\\/07\\\/cropped-Logo-CL-llegenda-gran.jpg\",\"width\":512,\"height\":512,\"caption\":\"Cl\u00faster Log\u00edstic de Catalunya\"},\"image\":{\"@id\":\"https:\\\/\\\/clusterlogistic.org\\\/es\\\/#\\\/schema\\\/logo\\\/image\\\/\"}}]}<\/script>\n<!-- \/ Yoast SEO plugin. -->","yoast_head_json":{"title":"Comer\u00e7-online-i-mobilitat-orientacions-cap-a-un-model-sostenible - Cl\u00faster Log\u00edstic de Catalunya","robots":{"index":"index","follow":"follow","max-snippet":"max-snippet:-1","max-image-preview":"max-image-preview:large","max-video-preview":"max-video-preview:-1"},"canonical":"https:\/\/clusterlogistic.org\/wp-content\/uploads\/2019\/01\/Comer\u00e7-online-i-mobilitat-orientacions-cap-a-un-model-sostenible.jpg","og_locale":"en_US","og_type":"article","og_title":"Comer\u00e7-online-i-mobilitat-orientacions-cap-a-un-model-sostenible - Cl\u00faster Log\u00edstic de Catalunya","og_url":"https:\/\/clusterlogistic.org\/wp-content\/uploads\/2019\/01\/Comer\u00e7-online-i-mobilitat-orientacions-cap-a-un-model-sostenible.jpg","og_site_name":"Cl\u00faster Log\u00edstic de Catalunya","og_image":[{"width":884,"height":558,"url":"https:\/\/clusterlogistic.org\/wp-content\/uploads\/2019\/01\/Comer\u00e7-online-i-mobilitat-orientacions-cap-a-un-model-sostenible.jpg","type":"image\/jpeg"}],"twitter_card":"summary_large_image","schema":{"@context":"https:\/\/schema.org","@graph":[{"@type":"WebPage","@id":"https:\/\/clusterlogistic.org\/wp-content\/uploads\/2019\/01\/Comer\u00e7-online-i-mobilitat-orientacions-cap-a-un-model-sostenible.jpg","url":"https:\/\/clusterlogistic.org\/wp-content\/uploads\/2019\/01\/Comer\u00e7-online-i-mobilitat-orientacions-cap-a-un-model-sostenible.jpg","name":"Comer\u00e7-online-i-mobilitat-orientacions-cap-a-un-model-sostenible - Cl\u00faster Log\u00edstic de Catalunya","isPartOf":{"@id":"https:\/\/clusterlogistic.org\/es\/#website"},"datePublished":"2019-01-09T09:52:35+00:00","breadcrumb":{"@id":"https:\/\/clusterlogistic.org\/wp-content\/uploads\/2019\/01\/Comer\u00e7-online-i-mobilitat-orientacions-cap-a-un-model-sostenible.jpg#breadcrumb"},"inLanguage":"en-US","potentialAction":[{"@type":"ReadAction","target":["https:\/\/clusterlogistic.org\/wp-content\/uploads\/2019\/01\/Comer\u00e7-online-i-mobilitat-orientacions-cap-a-un-model-sostenible.jpg"]}]},{"@type":"BreadcrumbList","@id":"https:\/\/clusterlogistic.org\/wp-content\/uploads\/2019\/01\/Comer\u00e7-online-i-mobilitat-orientacions-cap-a-un-model-sostenible.jpg#breadcrumb","itemListElement":[{"@type":"ListItem","position":1,"name":"Portada","item":"https:\/\/clusterlogistic.org\/en\/"},{"@type":"ListItem","position":2,"name":"Comer\u00e7-online-i-mobilitat-orientacions-cap-a-un-model-sostenible"}]},{"@type":"WebSite","@id":"https:\/\/clusterlogistic.org\/es\/#website","url":"https:\/\/clusterlogistic.org\/es\/","name":"Cl\u00faster Log\u00edstic de Catalunya","description":"associaci\u00f3 sense \u00e0nim de lucre","publisher":{"@id":"https:\/\/clusterlogistic.org\/es\/#organization"},"potentialAction":[{"@type":"SearchAction","target":{"@type":"EntryPoint","urlTemplate":"https:\/\/clusterlogistic.org\/es\/?s={search_term_string}"},"query-input":{"@type":"PropertyValueSpecification","valueRequired":true,"valueName":"search_term_string"}}],"inLanguage":"en-US"},{"@type":"Organization","@id":"https:\/\/clusterlogistic.org\/es\/#organization","name":"Cl\u00faster Log\u00edstic de Catalunya","url":"https:\/\/clusterlogistic.org\/es\/","logo":{"@type":"ImageObject","inLanguage":"en-US","@id":"https:\/\/clusterlogistic.org\/es\/#\/schema\/logo\/image\/","url":"https:\/\/clusterlogistic.org\/wp-content\/uploads\/2017\/07\/cropped-Logo-CL-llegenda-gran.jpg","contentUrl":"https:\/\/clusterlogistic.org\/wp-content\/uploads\/2017\/07\/cropped-Logo-CL-llegenda-gran.jpg","width":512,"height":512,"caption":"Cl\u00faster Log\u00edstic de Catalunya"},"image":{"@id":"https:\/\/clusterlogistic.org\/es\/#\/schema\/logo\/image\/"}}]}},"description":{"rendered":"<p class=\"attachment\"><a href='https:\/\/clusterlogistic.org\/wp-content\/uploads\/2019\/01\/Comer\u00e7-online-i-mobilitat-orientacions-cap-a-un-model-sostenible.jpg'><img loading=\"lazy\" decoding=\"async\" width=\"300\" height=\"189\" src=\"https:\/\/clusterlogistic.org\/wp-content\/uploads\/2019\/01\/Comer\u00e7-online-i-mobilitat-orientacions-cap-a-un-model-sostenible-300x189.jpg\" class=\"attachment-medium size-medium\" alt=\"\" srcset=\"https:\/\/clusterlogistic.org\/wp-content\/uploads\/2019\/01\/Comer\u00e7-online-i-mobilitat-orientacions-cap-a-un-model-sostenible-300x189.jpg 300w, https:\/\/clusterlogistic.org\/wp-content\/uploads\/2019\/01\/Comer\u00e7-online-i-mobilitat-orientacions-cap-a-un-model-sostenible-768x485.jpg 768w, https:\/\/clusterlogistic.org\/wp-content\/uploads\/2019\/01\/Comer\u00e7-online-i-mobilitat-orientacions-cap-a-un-model-sostenible-400x250.jpg 400w, https:\/\/clusterlogistic.org\/wp-content\/uploads\/2019\/01\/Comer\u00e7-online-i-mobilitat-orientacions-cap-a-un-model-sostenible.jpg 884w\" sizes=\"auto, (max-width: 300px) 100vw, 300px\" \/><\/a><\/p>\n"},"caption":{"rendered":""},"alt_text":"","media_type":"image","mime_type":"image\/jpeg","media_details":{"width":884,"height":558,"file":"2019\/01\/Comer\u00e7-online-i-mobilitat-orientacions-cap-a-un-model-sostenible.jpg","sizes":{"thumbnail":{"file":"Comer\u00e7-online-i-mobilitat-orientacions-cap-a-un-model-sostenible-150x150.jpg","width":150,"height":150,"mime_type":"image\/jpeg","source_url":"https:\/\/clusterlogistic.org\/wp-content\/uploads\/2019\/01\/Comer\u00e7-online-i-mobilitat-orientacions-cap-a-un-model-sostenible-150x150.jpg"},"medium":{"file":"Comer\u00e7-online-i-mobilitat-orientacions-cap-a-un-model-sostenible-300x189.jpg","width":300,"height":189,"mime_type":"image\/jpeg","source_url":"https:\/\/clusterlogistic.org\/wp-content\/uploads\/2019\/01\/Comer\u00e7-online-i-mobilitat-orientacions-cap-a-un-model-sostenible-300x189.jpg"},"medium_large":{"file":"Comer\u00e7-online-i-mobilitat-orientacions-cap-a-un-model-sostenible-768x485.jpg","width":768,"height":485,"mime_type":"image\/jpeg","source_url":"https:\/\/clusterlogistic.org\/wp-content\/uploads\/2019\/01\/Comer\u00e7-online-i-mobilitat-orientacions-cap-a-un-model-sostenible-768x485.jpg"},"et-pb-post-main-image":{"file":"Comer\u00e7-online-i-mobilitat-orientacions-cap-a-un-model-sostenible-400x250.jpg","width":400,"height":250,"mime_type":"image\/jpeg","source_url":"https:\/\/clusterlogistic.org\/wp-content\/uploads\/2019\/01\/Comer\u00e7-online-i-mobilitat-orientacions-cap-a-un-model-sostenible-400x250.jpg"},"et-pb-portfolio-image":{"file":"Comer\u00e7-online-i-mobilitat-orientacions-cap-a-un-model-sostenible-400x284.jpg","width":400,"height":284,"mime_type":"image\/jpeg","source_url":"https:\/\/clusterlogistic.org\/wp-content\/uploads\/2019\/01\/Comer\u00e7-online-i-mobilitat-orientacions-cap-a-un-model-sostenible-400x284.jpg"},"et-pb-portfolio-module-image":{"file":"Comer\u00e7-online-i-mobilitat-orientacions-cap-a-un-model-sostenible-510x382.jpg","width":510,"height":382,"mime_type":"image\/jpeg","source_url":"https:\/\/clusterlogistic.org\/wp-content\/uploads\/2019\/01\/Comer\u00e7-online-i-mobilitat-orientacions-cap-a-un-model-sostenible-510x382.jpg"},"et-pb-gallery-module-image-portrait":{"file":"Comer\u00e7-online-i-mobilitat-orientacions-cap-a-un-model-sostenible-400x516.jpg","width":400,"height":516,"mime_type":"image\/jpeg","source_url":"https:\/\/clusterlogistic.org\/wp-content\/uploads\/2019\/01\/Comer\u00e7-online-i-mobilitat-orientacions-cap-a-un-model-sostenible-400x516.jpg"},"full":{"file":"Comer\u00e7-online-i-mobilitat-orientacions-cap-a-un-model-sostenible.jpg","width":884,"height":558,"mime_type":"image\/jpeg","source_url":"https:\/\/clusterlogistic.org\/wp-content\/uploads\/2019\/01\/Comer\u00e7-online-i-mobilitat-orientacions-cap-a-un-model-sostenible.jpg"}},"image_meta":{"aperture":"0","credit":"","camera":"","caption":"","created_timestamp":"0","copyright":"","focal_length":"0","iso":"0","shutter_speed":"0","title":"","orientation":"0","keywords":[]}},"post":null,"source_url":"https:\/\/clusterlogistic.org\/wp-content\/uploads\/2019\/01\/Comer\u00e7-online-i-mobilitat-orientacions-cap-a-un-model-sostenible.jpg","_links":{"self":[{"href":"https:\/\/clusterlogistic.org\/en\/wp-json\/wp\/v2\/media\/1061","targetHints":{"allow":["GET"]}}],"collection":[{"href":"https:\/\/clusterlogistic.org\/en\/wp-json\/wp\/v2\/media"}],"about":[{"href":"https:\/\/clusterlogistic.org\/en\/wp-json\/wp\/v2\/types\/attachment"}],"author":[{"embeddable":true,"href":"https:\/\/clusterlogistic.org\/en\/wp-json\/wp\/v2\/users\/3"}],"replies":[{"embeddable":true,"href":"https:\/\/clusterlogistic.org\/en\/wp-json\/wp\/v2\/comments?post=1061"}]}}

https://clusterlogistic.org/wp-content/uploads/2019/01/Comerç-online-i-mobilitat-orientacions-cap-a-un-model-sostenible.jpg

Comerç-online-i-mobilitat-orientacions-cap-a-un-model-sostenible

<!-- This site is optimized with the Yoast SEO plugin v27.4 - https://yoast.com/product/yoast-seo-wordpress/ -->
<title>Comerç-online-i-mobilitat-orientacions-cap-a-un-model-sostenible - Clúster Logístic de Catalunya</title>
<meta name="robots" content="index, follow, max-snippet:-1, max-image-preview:large, max-video-preview:-1" />
<link rel="canonical" href="https://clusterlogistic.org/wp-content/uploads/2019/01/Comerç-online-i-mobilitat-orientacions-cap-a-un-model-sostenible.jpg" />
<meta property="og:locale" content="en_US" />
<meta property="og:type" content="article" />
<meta property="og:title" content="Comerç-online-i-mobilitat-orientacions-cap-a-un-model-sostenible - Clúster Logístic de Catalunya" />
<meta property="og:url" content="https://clusterlogistic.org/wp-content/uploads/2019/01/Comerç-online-i-mobilitat-orientacions-cap-a-un-model-sostenible.jpg" />
<meta property="og:site_name" content="Clúster Logístic de Catalunya" />
<meta property="og:image" content="https://clusterlogistic.org/wp-content/uploads/2019/01/Comerç-online-i-mobilitat-orientacions-cap-a-un-model-sostenible.jpg" />
	<meta property="og:image:width" content="884" />
	<meta property="og:image:height" content="558" />
	<meta property="og:image:type" content="image/jpeg" />
<meta name="twitter:card" content="summary_large_image" />
<script type="application/ld+json" class="yoast-schema-graph">{"@context":"https:\/\/schema.org","@graph":[{"@type":"WebPage","@id":"https:\/\/clusterlogistic.org\/wp-content\/uploads\/2019\/01\/Comerç-online-i-mobilitat-orientacions-cap-a-un-model-sostenible.jpg","url":"https:\/\/clusterlogistic.org\/wp-content\/uploads\/2019\/01\/Comerç-online-i-mobilitat-orientacions-cap-a-un-model-sostenible.jpg","name":"Comerç-online-i-mobilitat-orientacions-cap-a-un-model-sostenible - Clúster Logístic de Catalunya","isPartOf":{"@id":"https:\/\/clusterlogistic.org\/es\/#website"},"datePublished":"2019-01-09T09:52:35+00:00","breadcrumb":{"@id":"https:\/\/clusterlogistic.org\/wp-content\/uploads\/2019\/01\/Comerç-online-i-mobilitat-orientacions-cap-a-un-model-sostenible.jpg#breadcrumb"},"inLanguage":"en-US","potentialAction":[{"@type":"ReadAction","target":["https:\/\/clusterlogistic.org\/wp-content\/uploads\/2019\/01\/Comerç-online-i-mobilitat-orientacions-cap-a-un-model-sostenible.jpg"]}]},{"@type":"BreadcrumbList","@id":"https:\/\/clusterlogistic.org\/wp-content\/uploads\/2019\/01\/Comerç-online-i-mobilitat-orientacions-cap-a-un-model-sostenible.jpg#breadcrumb","itemListElement":[{"@type":"ListItem","position":1,"name":"Portada","item":"https:\/\/clusterlogistic.org\/en\/"},{"@type":"ListItem","position":2,"name":"Comerç-online-i-mobilitat-orientacions-cap-a-un-model-sostenible"}]},{"@type":"WebSite","@id":"https:\/\/clusterlogistic.org\/es\/#website","url":"https:\/\/clusterlogistic.org\/es\/","name":"Clúster Logístic de Catalunya","description":"associació sense ànim de lucre","publisher":{"@id":"https:\/\/clusterlogistic.org\/es\/#organization"},"potentialAction":[{"@type":"SearchAction","target":{"@type":"EntryPoint","urlTemplate":"https:\/\/clusterlogistic.org\/es\/?s={search_term_string}"},"query-input":{"@type":"PropertyValueSpecification","valueRequired":true,"valueName":"search_term_string"}}],"inLanguage":"en-US"},{"@type":"Organization","@id":"https:\/\/clusterlogistic.org\/es\/#organization","name":"Clúster Logístic de Catalunya","url":"https:\/\/clusterlogistic.org\/es\/","logo":{"@type":"ImageObject","inLanguage":"en-US","@id":"https:\/\/clusterlogistic.org\/es\/#\/schema\/logo\/image\/","url":"https:\/\/clusterlogistic.org\/wp-content\/uploads\/2017\/07\/cropped-Logo-CL-llegenda-gran.jpg","contentUrl":"https:\/\/clusterlogistic.org\/wp-content\/uploads\/2017\/07\/cropped-Logo-CL-llegenda-gran.jpg","width":512,"height":512,"caption":"Clúster Logístic de Catalunya"},"image":{"@id":"https:\/\/clusterlogistic.org\/es\/#\/schema\/logo\/image\/"}}]}</script>
<!-- / Yoast SEO plugin. -->

Comerç-online-i-mobilitat-orientacions-cap-a-un-model-sostenible - Clúster Logístic de Catalunya

Clúster Logístic de Catalunya

https://clusterlogistic.org/wp-content/uploads/2019/01/Comerç-online-i-mobilitat-orientacions-cap-a-un-model-sostenible.jpg#breadcrumb

associació sense ànim de lucre

<p class="attachment"><a href='https://clusterlogistic.org/wp-content/uploads/2019/01/Comerç-online-i-mobilitat-orientacions-cap-a-un-model-sostenible.jpg'><img loading="lazy" decoding="async" width="300" height="189" src="https://clusterlogistic.org/wp-content/uploads/2019/01/Comerç-online-i-mobilitat-orientacions-cap-a-un-model-sostenible-300x189.jpg" class="attachment-medium size-medium" alt="" srcset="https://clusterlogistic.org/wp-content/uploads/2019/01/Comerç-online-i-mobilitat-orientacions-cap-a-un-model-sostenible-300x189.jpg 300w, https://clusterlogistic.org/wp-content/uploads/2019/01/Comerç-online-i-mobilitat-orientacions-cap-a-un-model-sostenible-768x485.jpg 768w, https://clusterlogistic.org/wp-content/uploads/2019/01/Comerç-online-i-mobilitat-orientacions-cap-a-un-model-sostenible-400x250.jpg 400w, https://clusterlogistic.org/wp-content/uploads/2019/01/Comerç-online-i-mobilitat-orientacions-cap-a-un-model-sostenible.jpg 884w" sizes="auto, (max-width: 300px) 100vw, 300px" /></a></p>

2019/01/Comerç-online-i-mobilitat-orientacions-cap-a-un-model-sostenible.jpg

Comerç-online-i-mobilitat-orientacions-cap-a-un-model-sostenible-150x150.jpg

https://clusterlogistic.org/wp-content/uploads/2019/01/Comerç-online-i-mobilitat-orientacions-cap-a-un-model-sostenible-150x150.jpg

Comerç-online-i-mobilitat-orientacions-cap-a-un-model-sostenible-300x189.jpg

https://clusterlogistic.org/wp-content/uploads/2019/01/Comerç-online-i-mobilitat-orientacions-cap-a-un-model-sostenible-300x189.jpg

Comerç-online-i-mobilitat-orientacions-cap-a-un-model-sostenible-768x485.jpg

https://clusterlogistic.org/wp-content/uploads/2019/01/Comerç-online-i-mobilitat-orientacions-cap-a-un-model-sostenible-768x485.jpg

Comerç-online-i-mobilitat-orientacions-cap-a-un-model-sostenible-400x250.jpg

https://clusterlogistic.org/wp-content/uploads/2019/01/Comerç-online-i-mobilitat-orientacions-cap-a-un-model-sostenible-400x250.jpg

Comerç-online-i-mobilitat-orientacions-cap-a-un-model-sostenible-400x284.jpg

https://clusterlogistic.org/wp-content/uploads/2019/01/Comerç-online-i-mobilitat-orientacions-cap-a-un-model-sostenible-400x284.jpg

Comerç-online-i-mobilitat-orientacions-cap-a-un-model-sostenible-510x382.jpg

https://clusterlogistic.org/wp-content/uploads/2019/01/Comerç-online-i-mobilitat-orientacions-cap-a-un-model-sostenible-510x382.jpg

Comerç-online-i-mobilitat-orientacions-cap-a-un-model-sostenible-400x516.jpg

https://clusterlogistic.org/wp-content/uploads/2019/01/Comerç-online-i-mobilitat-orientacions-cap-a-un-model-sostenible-400x516.jpg

Comerç-online-i-mobilitat-orientacions-cap-a-un-model-sostenible.jpg
