{"id":8651,"date":"2024-10-22T19:43:15","date_gmt":"2024-10-22T17:43:15","guid":{"rendered":"https:\/\/clusterlogistic.org\/wp-content\/uploads\/2024\/10\/port-de-tarragona.jpg"},"modified":"2024-10-22T19:43:21","modified_gmt":"2024-10-22T17:43:21","slug":"port-de-tarragona-2","status":"inherit","type":"attachment","link":"https:\/\/clusterlogistic.org\/en\/port-de-tarragona-2\/","title":{"rendered":"port de tarragona"},"author":3,"featured_media":0,"comment_status":"closed","ping_status":"closed","template":"","meta":[],"class_list":["post-8651","attachment","type-attachment","status-inherit","hentry"],"yoast_head":"<!-- This site is optimized with the Yoast SEO plugin v27.4 - https:\/\/yoast.com\/product\/yoast-seo-wordpress\/ -->\n<title>port de tarragona - Cl\u00faster Log\u00edstic de Catalunya<\/title>\n<meta name=\"robots\" content=\"index, follow, max-snippet:-1, max-image-preview:large, max-video-preview:-1\" \/>\n<link rel=\"canonical\" href=\"https:\/\/clusterlogistic.org\/wp-content\/uploads\/2024\/10\/port-de-tarragona.jpg\" \/>\n<meta property=\"og:locale\" content=\"en_US\" \/>\n<meta property=\"og:type\" content=\"article\" \/>\n<meta property=\"og:title\" content=\"port de tarragona - Cl\u00faster Log\u00edstic de Catalunya\" \/>\n<meta property=\"og:url\" content=\"https:\/\/clusterlogistic.org\/wp-content\/uploads\/2024\/10\/port-de-tarragona.jpg\" \/>\n<meta property=\"og:site_name\" content=\"Cl\u00faster Log\u00edstic de Catalunya\" \/>\n<meta property=\"article:modified_time\" content=\"2024-10-22T17:43:21+00:00\" \/>\n<meta property=\"og:image\" content=\"https:\/\/clusterlogistic.org\/wp-content\/uploads\/2024\/10\/port-de-tarragona.jpg\" \/>\n\t<meta property=\"og:image:width\" content=\"1280\" \/>\n\t<meta property=\"og:image:height\" content=\"960\" \/>\n\t<meta property=\"og:image:type\" content=\"image\/jpeg\" \/>\n<meta name=\"twitter:card\" content=\"summary_large_image\" \/>\n<script type=\"application\/ld+json\" class=\"yoast-schema-graph\">{\"@context\":\"https:\\\/\\\/schema.org\",\"@graph\":[{\"@type\":\"WebPage\",\"@id\":\"https:\\\/\\\/clusterlogistic.org\\\/wp-content\\\/uploads\\\/2024\\\/10\\\/port-de-tarragona.jpg\",\"url\":\"https:\\\/\\\/clusterlogistic.org\\\/wp-content\\\/uploads\\\/2024\\\/10\\\/port-de-tarragona.jpg\",\"name\":\"port de tarragona - Cl\u00faster Log\u00edstic de Catalunya\",\"isPartOf\":{\"@id\":\"https:\\\/\\\/clusterlogistic.org\\\/es\\\/#website\"},\"datePublished\":\"2024-10-22T17:43:15+00:00\",\"dateModified\":\"2024-10-22T17:43:21+00:00\",\"breadcrumb\":{\"@id\":\"https:\\\/\\\/clusterlogistic.org\\\/wp-content\\\/uploads\\\/2024\\\/10\\\/port-de-tarragona.jpg#breadcrumb\"},\"inLanguage\":\"en-US\",\"potentialAction\":[{\"@type\":\"ReadAction\",\"target\":[\"https:\\\/\\\/clusterlogistic.org\\\/wp-content\\\/uploads\\\/2024\\\/10\\\/port-de-tarragona.jpg\"]}]},{\"@type\":\"BreadcrumbList\",\"@id\":\"https:\\\/\\\/clusterlogistic.org\\\/wp-content\\\/uploads\\\/2024\\\/10\\\/port-de-tarragona.jpg#breadcrumb\",\"itemListElement\":[{\"@type\":\"ListItem\",\"position\":1,\"name\":\"Portada\",\"item\":\"https:\\\/\\\/clusterlogistic.org\\\/en\\\/\"},{\"@type\":\"ListItem\",\"position\":2,\"name\":\"port de tarragona\"}]},{\"@type\":\"WebSite\",\"@id\":\"https:\\\/\\\/clusterlogistic.org\\\/es\\\/#website\",\"url\":\"https:\\\/\\\/clusterlogistic.org\\\/es\\\/\",\"name\":\"Cl\u00faster Log\u00edstic de Catalunya\",\"description\":\"associaci\u00f3 sense \u00e0nim de lucre\",\"publisher\":{\"@id\":\"https:\\\/\\\/clusterlogistic.org\\\/es\\\/#organization\"},\"potentialAction\":[{\"@type\":\"SearchAction\",\"target\":{\"@type\":\"EntryPoint\",\"urlTemplate\":\"https:\\\/\\\/clusterlogistic.org\\\/es\\\/?s={search_term_string}\"},\"query-input\":{\"@type\":\"PropertyValueSpecification\",\"valueRequired\":true,\"valueName\":\"search_term_string\"}}],\"inLanguage\":\"en-US\"},{\"@type\":\"Organization\",\"@id\":\"https:\\\/\\\/clusterlogistic.org\\\/es\\\/#organization\",\"name\":\"Cl\u00faster Log\u00edstic de Catalunya\",\"url\":\"https:\\\/\\\/clusterlogistic.org\\\/es\\\/\",\"logo\":{\"@type\":\"ImageObject\",\"inLanguage\":\"en-US\",\"@id\":\"https:\\\/\\\/clusterlogistic.org\\\/es\\\/#\\\/schema\\\/logo\\\/image\\\/\",\"url\":\"https:\\\/\\\/clusterlogistic.org\\\/wp-content\\\/uploads\\\/2017\\\/07\\\/cropped-Logo-CL-llegenda-gran.jpg\",\"contentUrl\":\"https:\\\/\\\/clusterlogistic.org\\\/wp-content\\\/uploads\\\/2017\\\/07\\\/cropped-Logo-CL-llegenda-gran.jpg\",\"width\":512,\"height\":512,\"caption\":\"Cl\u00faster Log\u00edstic de Catalunya\"},\"image\":{\"@id\":\"https:\\\/\\\/clusterlogistic.org\\\/es\\\/#\\\/schema\\\/logo\\\/image\\\/\"}}]}<\/script>\n<!-- \/ Yoast SEO plugin. -->","yoast_head_json":{"title":"port de tarragona - Cl\u00faster Log\u00edstic de Catalunya","robots":{"index":"index","follow":"follow","max-snippet":"max-snippet:-1","max-image-preview":"max-image-preview:large","max-video-preview":"max-video-preview:-1"},"canonical":"https:\/\/clusterlogistic.org\/wp-content\/uploads\/2024\/10\/port-de-tarragona.jpg","og_locale":"en_US","og_type":"article","og_title":"port de tarragona - Cl\u00faster Log\u00edstic de Catalunya","og_url":"https:\/\/clusterlogistic.org\/wp-content\/uploads\/2024\/10\/port-de-tarragona.jpg","og_site_name":"Cl\u00faster Log\u00edstic de Catalunya","article_modified_time":"2024-10-22T17:43:21+00:00","og_image":[{"width":1280,"height":960,"url":"https:\/\/clusterlogistic.org\/wp-content\/uploads\/2024\/10\/port-de-tarragona.jpg","type":"image\/jpeg"}],"twitter_card":"summary_large_image","schema":{"@context":"https:\/\/schema.org","@graph":[{"@type":"WebPage","@id":"https:\/\/clusterlogistic.org\/wp-content\/uploads\/2024\/10\/port-de-tarragona.jpg","url":"https:\/\/clusterlogistic.org\/wp-content\/uploads\/2024\/10\/port-de-tarragona.jpg","name":"port de tarragona - Cl\u00faster Log\u00edstic de Catalunya","isPartOf":{"@id":"https:\/\/clusterlogistic.org\/es\/#website"},"datePublished":"2024-10-22T17:43:15+00:00","dateModified":"2024-10-22T17:43:21+00:00","breadcrumb":{"@id":"https:\/\/clusterlogistic.org\/wp-content\/uploads\/2024\/10\/port-de-tarragona.jpg#breadcrumb"},"inLanguage":"en-US","potentialAction":[{"@type":"ReadAction","target":["https:\/\/clusterlogistic.org\/wp-content\/uploads\/2024\/10\/port-de-tarragona.jpg"]}]},{"@type":"BreadcrumbList","@id":"https:\/\/clusterlogistic.org\/wp-content\/uploads\/2024\/10\/port-de-tarragona.jpg#breadcrumb","itemListElement":[{"@type":"ListItem","position":1,"name":"Portada","item":"https:\/\/clusterlogistic.org\/en\/"},{"@type":"ListItem","position":2,"name":"port de tarragona"}]},{"@type":"WebSite","@id":"https:\/\/clusterlogistic.org\/es\/#website","url":"https:\/\/clusterlogistic.org\/es\/","name":"Cl\u00faster Log\u00edstic de Catalunya","description":"associaci\u00f3 sense \u00e0nim de lucre","publisher":{"@id":"https:\/\/clusterlogistic.org\/es\/#organization"},"potentialAction":[{"@type":"SearchAction","target":{"@type":"EntryPoint","urlTemplate":"https:\/\/clusterlogistic.org\/es\/?s={search_term_string}"},"query-input":{"@type":"PropertyValueSpecification","valueRequired":true,"valueName":"search_term_string"}}],"inLanguage":"en-US"},{"@type":"Organization","@id":"https:\/\/clusterlogistic.org\/es\/#organization","name":"Cl\u00faster Log\u00edstic de Catalunya","url":"https:\/\/clusterlogistic.org\/es\/","logo":{"@type":"ImageObject","inLanguage":"en-US","@id":"https:\/\/clusterlogistic.org\/es\/#\/schema\/logo\/image\/","url":"https:\/\/clusterlogistic.org\/wp-content\/uploads\/2017\/07\/cropped-Logo-CL-llegenda-gran.jpg","contentUrl":"https:\/\/clusterlogistic.org\/wp-content\/uploads\/2017\/07\/cropped-Logo-CL-llegenda-gran.jpg","width":512,"height":512,"caption":"Cl\u00faster Log\u00edstic de Catalunya"},"image":{"@id":"https:\/\/clusterlogistic.org\/es\/#\/schema\/logo\/image\/"}}]}},"description":{"rendered":"<p class=\"attachment\"><a href='https:\/\/clusterlogistic.org\/wp-content\/uploads\/2024\/10\/port-de-tarragona.jpg'><img loading=\"lazy\" decoding=\"async\" width=\"300\" height=\"225\" src=\"https:\/\/clusterlogistic.org\/wp-content\/uploads\/2024\/10\/port-de-tarragona-300x225.jpg\" class=\"attachment-medium size-medium\" alt=\"port de tarragona\" srcset=\"https:\/\/clusterlogistic.org\/wp-content\/uploads\/2024\/10\/port-de-tarragona-300x225.jpg 300w, https:\/\/clusterlogistic.org\/wp-content\/uploads\/2024\/10\/port-de-tarragona-1030x773.jpg 1030w, https:\/\/clusterlogistic.org\/wp-content\/uploads\/2024\/10\/port-de-tarragona-768x576.jpg 768w, https:\/\/clusterlogistic.org\/wp-content\/uploads\/2024\/10\/port-de-tarragona-705x529.jpg 705w, https:\/\/clusterlogistic.org\/wp-content\/uploads\/2024\/10\/port-de-tarragona.jpg 1280w\" sizes=\"auto, (max-width: 300px) 100vw, 300px\" \/><\/a><\/p>\n"},"caption":{"rendered":""},"alt_text":"port de tarragona","media_type":"image","mime_type":"image\/jpeg","media_details":{"width":1280,"height":960,"file":"2024\/10\/port-de-tarragona.jpg","filesize":429083,"sizes":{"medium":{"file":"port-de-tarragona-300x225.jpg","width":300,"height":225,"filesize":122468,"mime_type":"image\/jpeg","source_url":"https:\/\/clusterlogistic.org\/wp-content\/uploads\/2024\/10\/port-de-tarragona-300x225.jpg"},"large":{"file":"port-de-tarragona-1030x773.jpg","width":1030,"height":773,"filesize":1047465,"mime_type":"image\/jpeg","source_url":"https:\/\/clusterlogistic.org\/wp-content\/uploads\/2024\/10\/port-de-tarragona-1030x773.jpg"},"thumbnail":{"file":"port-de-tarragona-80x80.jpg","width":80,"height":80,"filesize":13218,"mime_type":"image\/jpeg","source_url":"https:\/\/clusterlogistic.org\/wp-content\/uploads\/2024\/10\/port-de-tarragona-80x80.jpg"},"medium_large":{"file":"port-de-tarragona-768x576.jpg","width":768,"height":576,"filesize":629223,"mime_type":"image\/jpeg","source_url":"https:\/\/clusterlogistic.org\/wp-content\/uploads\/2024\/10\/port-de-tarragona-768x576.jpg"},"widget":{"file":"port-de-tarragona-36x36.jpg","width":36,"height":36,"filesize":3895,"mime_type":"image\/jpeg","source_url":"https:\/\/clusterlogistic.org\/wp-content\/uploads\/2024\/10\/port-de-tarragona-36x36.jpg"},"square":{"file":"port-de-tarragona-180x180.jpg","width":180,"height":180,"filesize":62116,"mime_type":"image\/jpeg","source_url":"https:\/\/clusterlogistic.org\/wp-content\/uploads\/2024\/10\/port-de-tarragona-180x180.jpg"},"featured":{"file":"port-de-tarragona-1280x430.jpg","width":1280,"height":430,"filesize":755582,"mime_type":"image\/jpeg","source_url":"https:\/\/clusterlogistic.org\/wp-content\/uploads\/2024\/10\/port-de-tarragona-1280x430.jpg"},"featured_large":{"file":"port-de-tarragona-1280x630.jpg","width":1280,"height":630,"filesize":1113906,"mime_type":"image\/jpeg","source_url":"https:\/\/clusterlogistic.org\/wp-content\/uploads\/2024\/10\/port-de-tarragona-1280x630.jpg"},"portfolio":{"file":"port-de-tarragona-495x400.jpg","width":495,"height":400,"filesize":308906,"mime_type":"image\/jpeg","source_url":"https:\/\/clusterlogistic.org\/wp-content\/uploads\/2024\/10\/port-de-tarragona-495x400.jpg"},"portfolio_small":{"file":"port-de-tarragona-260x185.jpg","width":260,"height":185,"filesize":91475,"mime_type":"image\/jpeg","source_url":"https:\/\/clusterlogistic.org\/wp-content\/uploads\/2024\/10\/port-de-tarragona-260x185.jpg"},"gallery":{"file":"port-de-tarragona-845x684.jpg","width":845,"height":684,"filesize":790407,"mime_type":"image\/jpeg","source_url":"https:\/\/clusterlogistic.org\/wp-content\/uploads\/2024\/10\/port-de-tarragona-845x684.jpg"},"magazine":{"file":"port-de-tarragona-710x375.jpg","width":710,"height":375,"filesize":423037,"mime_type":"image\/jpeg","source_url":"https:\/\/clusterlogistic.org\/wp-content\/uploads\/2024\/10\/port-de-tarragona-710x375.jpg"},"masonry":{"file":"port-de-tarragona-705x529.jpg","width":705,"height":529,"filesize":545181,"mime_type":"image\/jpeg","source_url":"https:\/\/clusterlogistic.org\/wp-content\/uploads\/2024\/10\/port-de-tarragona-705x529.jpg"},"entry_with_sidebar":{"file":"port-de-tarragona-845x321.jpg","width":845,"height":321,"filesize":418469,"mime_type":"image\/jpeg","source_url":"https:\/\/clusterlogistic.org\/wp-content\/uploads\/2024\/10\/port-de-tarragona-845x321.jpg"},"entry_without_sidebar":{"file":"port-de-tarragona-1210x423.jpg","width":1210,"height":423,"filesize":704608,"mime_type":"image\/jpeg","source_url":"https:\/\/clusterlogistic.org\/wp-content\/uploads\/2024\/10\/port-de-tarragona-1210x423.jpg"},"cmplz_banner_image":{"file":"port-de-tarragona-350x100.jpg","width":350,"height":100,"filesize":68858,"mime_type":"image\/jpeg","source_url":"https:\/\/clusterlogistic.org\/wp-content\/uploads\/2024\/10\/port-de-tarragona-350x100.jpg"},"full":{"file":"port-de-tarragona.jpg","width":1280,"height":960,"mime_type":"image\/jpeg","source_url":"https:\/\/clusterlogistic.org\/wp-content\/uploads\/2024\/10\/port-de-tarragona.jpg"}},"image_meta":{"aperture":"0","credit":"","camera":"","caption":"","created_timestamp":"0","copyright":"","focal_length":"0","iso":"0","shutter_speed":"0","title":"","orientation":"0","keywords":[]}},"post":null,"source_url":"https:\/\/clusterlogistic.org\/wp-content\/uploads\/2024\/10\/port-de-tarragona.jpg","_links":{"self":[{"href":"https:\/\/clusterlogistic.org\/en\/wp-json\/wp\/v2\/media\/8651","targetHints":{"allow":["GET"]}}],"collection":[{"href":"https:\/\/clusterlogistic.org\/en\/wp-json\/wp\/v2\/media"}],"about":[{"href":"https:\/\/clusterlogistic.org\/en\/wp-json\/wp\/v2\/types\/attachment"}],"author":[{"embeddable":true,"href":"https:\/\/clusterlogistic.org\/en\/wp-json\/wp\/v2\/users\/3"}],"replies":[{"embeddable":true,"href":"https:\/\/clusterlogistic.org\/en\/wp-json\/wp\/v2\/comments?post=8651"}]}}

<!-- This site is optimized with the Yoast SEO plugin v27.4 - https://yoast.com/product/yoast-seo-wordpress/ -->
<title>port de tarragona - Clúster Logístic de Catalunya</title>
<meta name="robots" content="index, follow, max-snippet:-1, max-image-preview:large, max-video-preview:-1" />
<link rel="canonical" href="https://clusterlogistic.org/wp-content/uploads/2024/10/port-de-tarragona.jpg" />
<meta property="og:locale" content="en_US" />
<meta property="og:type" content="article" />
<meta property="og:title" content="port de tarragona - Clúster Logístic de Catalunya" />
<meta property="og:url" content="https://clusterlogistic.org/wp-content/uploads/2024/10/port-de-tarragona.jpg" />
<meta property="og:site_name" content="Clúster Logístic de Catalunya" />
<meta property="article:modified_time" content="2024-10-22T17:43:21+00:00" />
<meta property="og:image" content="https://clusterlogistic.org/wp-content/uploads/2024/10/port-de-tarragona.jpg" />
	<meta property="og:image:width" content="1280" />
	<meta property="og:image:height" content="960" />
	<meta property="og:image:type" content="image/jpeg" />
<meta name="twitter:card" content="summary_large_image" />
<script type="application/ld+json" class="yoast-schema-graph">{"@context":"https:\/\/schema.org","@graph":[{"@type":"WebPage","@id":"https:\/\/clusterlogistic.org\/wp-content\/uploads\/2024\/10\/port-de-tarragona.jpg","url":"https:\/\/clusterlogistic.org\/wp-content\/uploads\/2024\/10\/port-de-tarragona.jpg","name":"port de tarragona - Clúster Logístic de Catalunya","isPartOf":{"@id":"https:\/\/clusterlogistic.org\/es\/#website"},"datePublished":"2024-10-22T17:43:15+00:00","dateModified":"2024-10-22T17:43:21+00:00","breadcrumb":{"@id":"https:\/\/clusterlogistic.org\/wp-content\/uploads\/2024\/10\/port-de-tarragona.jpg#breadcrumb"},"inLanguage":"en-US","potentialAction":[{"@type":"ReadAction","target":["https:\/\/clusterlogistic.org\/wp-content\/uploads\/2024\/10\/port-de-tarragona.jpg"]}]},{"@type":"BreadcrumbList","@id":"https:\/\/clusterlogistic.org\/wp-content\/uploads\/2024\/10\/port-de-tarragona.jpg#breadcrumb","itemListElement":[{"@type":"ListItem","position":1,"name":"Portada","item":"https:\/\/clusterlogistic.org\/en\/"},{"@type":"ListItem","position":2,"name":"port de tarragona"}]},{"@type":"WebSite","@id":"https:\/\/clusterlogistic.org\/es\/#website","url":"https:\/\/clusterlogistic.org\/es\/","name":"Clúster Logístic de Catalunya","description":"associació sense ànim de lucre","publisher":{"@id":"https:\/\/clusterlogistic.org\/es\/#organization"},"potentialAction":[{"@type":"SearchAction","target":{"@type":"EntryPoint","urlTemplate":"https:\/\/clusterlogistic.org\/es\/?s={search_term_string}"},"query-input":{"@type":"PropertyValueSpecification","valueRequired":true,"valueName":"search_term_string"}}],"inLanguage":"en-US"},{"@type":"Organization","@id":"https:\/\/clusterlogistic.org\/es\/#organization","name":"Clúster Logístic de Catalunya","url":"https:\/\/clusterlogistic.org\/es\/","logo":{"@type":"ImageObject","inLanguage":"en-US","@id":"https:\/\/clusterlogistic.org\/es\/#\/schema\/logo\/image\/","url":"https:\/\/clusterlogistic.org\/wp-content\/uploads\/2017\/07\/cropped-Logo-CL-llegenda-gran.jpg","contentUrl":"https:\/\/clusterlogistic.org\/wp-content\/uploads\/2017\/07\/cropped-Logo-CL-llegenda-gran.jpg","width":512,"height":512,"caption":"Clúster Logístic de Catalunya"},"image":{"@id":"https:\/\/clusterlogistic.org\/es\/#\/schema\/logo\/image\/"}}]}</script>
<!-- / Yoast SEO plugin. -->

port de tarragona - Clúster Logístic de Catalunya

Clúster Logístic de Catalunya

associació sense ànim de lucre
