{"id":8910,"date":"2025-01-15T11:58:20","date_gmt":"2025-01-15T09:58:20","guid":{"rendered":"https:\/\/clusterlogistic.org\/wp-content\/uploads\/2025\/01\/rodalies-catalunya.jpg"},"modified":"2025-01-15T11:58:24","modified_gmt":"2025-01-15T09:58:24","slug":"rodalies-catalunya","status":"inherit","type":"attachment","link":"https:\/\/clusterlogistic.org\/es\/cataluna-avanza-en-la-gestion-propia-de-cercanias\/rodalies-catalunya\/","title":{"rendered":"rodalies catalunya"},"author":3,"featured_media":0,"comment_status":"closed","ping_status":"closed","template":"","meta":[],"class_list":["post-8910","attachment","type-attachment","status-inherit","hentry"],"yoast_head":"<!-- This site is optimized with the Yoast SEO plugin v27.4 - https:\/\/yoast.com\/product\/yoast-seo-wordpress\/ -->\n<title>rodalies catalunya - Cl\u00faster Log\u00edstic de Catalunya<\/title>\n<meta name=\"robots\" content=\"index, follow, max-snippet:-1, max-image-preview:large, max-video-preview:-1\" \/>\n<link rel=\"canonical\" href=\"https:\/\/clusterlogistic.org\/wp-content\/uploads\/2025\/01\/rodalies-catalunya.jpg\" \/>\n<meta property=\"og:locale\" content=\"es_ES\" \/>\n<meta property=\"og:type\" content=\"article\" \/>\n<meta property=\"og:title\" content=\"rodalies catalunya - Cl\u00faster Log\u00edstic de Catalunya\" \/>\n<meta property=\"og:url\" content=\"https:\/\/clusterlogistic.org\/wp-content\/uploads\/2025\/01\/rodalies-catalunya.jpg\" \/>\n<meta property=\"og:site_name\" content=\"Cl\u00faster Log\u00edstic de Catalunya\" \/>\n<meta property=\"article:modified_time\" content=\"2025-01-15T09:58:24+00:00\" \/>\n<meta property=\"og:image\" content=\"https:\/\/clusterlogistic.org\/wp-content\/uploads\/2025\/01\/rodalies-catalunya.jpg\" \/>\n\t<meta property=\"og:image:width\" content=\"1000\" \/>\n\t<meta property=\"og:image:height\" content=\"664\" \/>\n\t<meta property=\"og:image:type\" content=\"image\/jpeg\" \/>\n<meta name=\"twitter:card\" content=\"summary_large_image\" \/>\n<script type=\"application\/ld+json\" class=\"yoast-schema-graph\">{\"@context\":\"https:\\\/\\\/schema.org\",\"@graph\":[{\"@type\":\"WebPage\",\"@id\":\"https:\\\/\\\/clusterlogistic.org\\\/wp-content\\\/uploads\\\/2025\\\/01\\\/rodalies-catalunya.jpg\",\"url\":\"https:\\\/\\\/clusterlogistic.org\\\/wp-content\\\/uploads\\\/2025\\\/01\\\/rodalies-catalunya.jpg\",\"name\":\"rodalies catalunya - Cl\u00faster Log\u00edstic de Catalunya\",\"isPartOf\":{\"@id\":\"https:\\\/\\\/clusterlogistic.org\\\/es\\\/#website\"},\"datePublished\":\"2025-01-15T09:58:20+00:00\",\"dateModified\":\"2025-01-15T09:58:24+00:00\",\"breadcrumb\":{\"@id\":\"https:\\\/\\\/clusterlogistic.org\\\/wp-content\\\/uploads\\\/2025\\\/01\\\/rodalies-catalunya.jpg#breadcrumb\"},\"inLanguage\":\"es\",\"potentialAction\":[{\"@type\":\"ReadAction\",\"target\":[\"https:\\\/\\\/clusterlogistic.org\\\/wp-content\\\/uploads\\\/2025\\\/01\\\/rodalies-catalunya.jpg\"]}]},{\"@type\":\"BreadcrumbList\",\"@id\":\"https:\\\/\\\/clusterlogistic.org\\\/wp-content\\\/uploads\\\/2025\\\/01\\\/rodalies-catalunya.jpg#breadcrumb\",\"itemListElement\":[{\"@type\":\"ListItem\",\"position\":1,\"name\":\"Portada\",\"item\":\"https:\\\/\\\/clusterlogistic.org\\\/es\\\/\"},{\"@type\":\"ListItem\",\"position\":2,\"name\":\"Catalu\u00f1a avanza en la gesti\u00f3n propia de Cercan\u00edas\",\"item\":\"https:\\\/\\\/clusterlogistic.org\\\/es\\\/cataluna-avanza-en-la-gestion-propia-de-cercanias\\\/\"},{\"@type\":\"ListItem\",\"position\":3,\"name\":\"rodalies catalunya\"}]},{\"@type\":\"WebSite\",\"@id\":\"https:\\\/\\\/clusterlogistic.org\\\/es\\\/#website\",\"url\":\"https:\\\/\\\/clusterlogistic.org\\\/es\\\/\",\"name\":\"Cl\u00faster Log\u00edstic de Catalunya\",\"description\":\"associaci\u00f3 sense \u00e0nim de lucre\",\"publisher\":{\"@id\":\"https:\\\/\\\/clusterlogistic.org\\\/es\\\/#organization\"},\"potentialAction\":[{\"@type\":\"SearchAction\",\"target\":{\"@type\":\"EntryPoint\",\"urlTemplate\":\"https:\\\/\\\/clusterlogistic.org\\\/es\\\/?s={search_term_string}\"},\"query-input\":{\"@type\":\"PropertyValueSpecification\",\"valueRequired\":true,\"valueName\":\"search_term_string\"}}],\"inLanguage\":\"es\"},{\"@type\":\"Organization\",\"@id\":\"https:\\\/\\\/clusterlogistic.org\\\/es\\\/#organization\",\"name\":\"Cl\u00faster Log\u00edstic de Catalunya\",\"url\":\"https:\\\/\\\/clusterlogistic.org\\\/es\\\/\",\"logo\":{\"@type\":\"ImageObject\",\"inLanguage\":\"es\",\"@id\":\"https:\\\/\\\/clusterlogistic.org\\\/es\\\/#\\\/schema\\\/logo\\\/image\\\/\",\"url\":\"https:\\\/\\\/clusterlogistic.org\\\/wp-content\\\/uploads\\\/2017\\\/07\\\/cropped-Logo-CL-llegenda-gran.jpg\",\"contentUrl\":\"https:\\\/\\\/clusterlogistic.org\\\/wp-content\\\/uploads\\\/2017\\\/07\\\/cropped-Logo-CL-llegenda-gran.jpg\",\"width\":512,\"height\":512,\"caption\":\"Cl\u00faster Log\u00edstic de Catalunya\"},\"image\":{\"@id\":\"https:\\\/\\\/clusterlogistic.org\\\/es\\\/#\\\/schema\\\/logo\\\/image\\\/\"}}]}<\/script>\n<!-- \/ Yoast SEO plugin. -->","yoast_head_json":{"title":"rodalies catalunya - Cl\u00faster Log\u00edstic de Catalunya","robots":{"index":"index","follow":"follow","max-snippet":"max-snippet:-1","max-image-preview":"max-image-preview:large","max-video-preview":"max-video-preview:-1"},"canonical":"https:\/\/clusterlogistic.org\/wp-content\/uploads\/2025\/01\/rodalies-catalunya.jpg","og_locale":"es_ES","og_type":"article","og_title":"rodalies catalunya - Cl\u00faster Log\u00edstic de Catalunya","og_url":"https:\/\/clusterlogistic.org\/wp-content\/uploads\/2025\/01\/rodalies-catalunya.jpg","og_site_name":"Cl\u00faster Log\u00edstic de Catalunya","article_modified_time":"2025-01-15T09:58:24+00:00","og_image":[{"width":1000,"height":664,"url":"https:\/\/clusterlogistic.org\/wp-content\/uploads\/2025\/01\/rodalies-catalunya.jpg","type":"image\/jpeg"}],"twitter_card":"summary_large_image","schema":{"@context":"https:\/\/schema.org","@graph":[{"@type":"WebPage","@id":"https:\/\/clusterlogistic.org\/wp-content\/uploads\/2025\/01\/rodalies-catalunya.jpg","url":"https:\/\/clusterlogistic.org\/wp-content\/uploads\/2025\/01\/rodalies-catalunya.jpg","name":"rodalies catalunya - Cl\u00faster Log\u00edstic de Catalunya","isPartOf":{"@id":"https:\/\/clusterlogistic.org\/es\/#website"},"datePublished":"2025-01-15T09:58:20+00:00","dateModified":"2025-01-15T09:58:24+00:00","breadcrumb":{"@id":"https:\/\/clusterlogistic.org\/wp-content\/uploads\/2025\/01\/rodalies-catalunya.jpg#breadcrumb"},"inLanguage":"es","potentialAction":[{"@type":"ReadAction","target":["https:\/\/clusterlogistic.org\/wp-content\/uploads\/2025\/01\/rodalies-catalunya.jpg"]}]},{"@type":"BreadcrumbList","@id":"https:\/\/clusterlogistic.org\/wp-content\/uploads\/2025\/01\/rodalies-catalunya.jpg#breadcrumb","itemListElement":[{"@type":"ListItem","position":1,"name":"Portada","item":"https:\/\/clusterlogistic.org\/es\/"},{"@type":"ListItem","position":2,"name":"Catalu\u00f1a avanza en la gesti\u00f3n propia de Cercan\u00edas","item":"https:\/\/clusterlogistic.org\/es\/cataluna-avanza-en-la-gestion-propia-de-cercanias\/"},{"@type":"ListItem","position":3,"name":"rodalies catalunya"}]},{"@type":"WebSite","@id":"https:\/\/clusterlogistic.org\/es\/#website","url":"https:\/\/clusterlogistic.org\/es\/","name":"Cl\u00faster Log\u00edstic de Catalunya","description":"associaci\u00f3 sense \u00e0nim de lucre","publisher":{"@id":"https:\/\/clusterlogistic.org\/es\/#organization"},"potentialAction":[{"@type":"SearchAction","target":{"@type":"EntryPoint","urlTemplate":"https:\/\/clusterlogistic.org\/es\/?s={search_term_string}"},"query-input":{"@type":"PropertyValueSpecification","valueRequired":true,"valueName":"search_term_string"}}],"inLanguage":"es"},{"@type":"Organization","@id":"https:\/\/clusterlogistic.org\/es\/#organization","name":"Cl\u00faster Log\u00edstic de Catalunya","url":"https:\/\/clusterlogistic.org\/es\/","logo":{"@type":"ImageObject","inLanguage":"es","@id":"https:\/\/clusterlogistic.org\/es\/#\/schema\/logo\/image\/","url":"https:\/\/clusterlogistic.org\/wp-content\/uploads\/2017\/07\/cropped-Logo-CL-llegenda-gran.jpg","contentUrl":"https:\/\/clusterlogistic.org\/wp-content\/uploads\/2017\/07\/cropped-Logo-CL-llegenda-gran.jpg","width":512,"height":512,"caption":"Cl\u00faster Log\u00edstic de Catalunya"},"image":{"@id":"https:\/\/clusterlogistic.org\/es\/#\/schema\/logo\/image\/"}}]}},"description":{"rendered":"<p class=\"attachment\"><a href='https:\/\/clusterlogistic.org\/wp-content\/uploads\/2025\/01\/rodalies-catalunya.jpg'><img loading=\"lazy\" decoding=\"async\" width=\"300\" height=\"199\" src=\"https:\/\/clusterlogistic.org\/wp-content\/uploads\/2025\/01\/rodalies-catalunya-300x199.jpg\" class=\"attachment-medium size-medium\" alt=\"rodalies catalunya\" srcset=\"https:\/\/clusterlogistic.org\/wp-content\/uploads\/2025\/01\/rodalies-catalunya-300x199.jpg 300w, https:\/\/clusterlogistic.org\/wp-content\/uploads\/2025\/01\/rodalies-catalunya-768x510.jpg 768w, https:\/\/clusterlogistic.org\/wp-content\/uploads\/2025\/01\/rodalies-catalunya-705x468.jpg 705w, https:\/\/clusterlogistic.org\/wp-content\/uploads\/2025\/01\/rodalies-catalunya.jpg 1000w\" sizes=\"auto, (max-width: 300px) 100vw, 300px\" \/><\/a><\/p>\n"},"caption":{"rendered":""},"alt_text":"rodalies catalunya","media_type":"image","mime_type":"image\/jpeg","media_details":{"width":1000,"height":664,"file":"2025\/01\/rodalies-catalunya.jpg","filesize":670666,"sizes":{"medium":{"file":"rodalies-catalunya-300x199.jpg","width":300,"height":199,"filesize":99322,"mime_type":"image\/jpeg","source_url":"https:\/\/clusterlogistic.org\/wp-content\/uploads\/2025\/01\/rodalies-catalunya-300x199.jpg"},"thumbnail":{"file":"rodalies-catalunya-80x80.jpg","width":80,"height":80,"filesize":13138,"mime_type":"image\/jpeg","source_url":"https:\/\/clusterlogistic.org\/wp-content\/uploads\/2025\/01\/rodalies-catalunya-80x80.jpg"},"medium_large":{"file":"rodalies-catalunya-768x510.jpg","width":768,"height":510,"filesize":526312,"mime_type":"image\/jpeg","source_url":"https:\/\/clusterlogistic.org\/wp-content\/uploads\/2025\/01\/rodalies-catalunya-768x510.jpg"},"widget":{"file":"rodalies-catalunya-36x36.jpg","width":36,"height":36,"filesize":4170,"mime_type":"image\/jpeg","source_url":"https:\/\/clusterlogistic.org\/wp-content\/uploads\/2025\/01\/rodalies-catalunya-36x36.jpg"},"square":{"file":"rodalies-catalunya-180x180.jpg","width":180,"height":180,"filesize":56043,"mime_type":"image\/jpeg","source_url":"https:\/\/clusterlogistic.org\/wp-content\/uploads\/2025\/01\/rodalies-catalunya-180x180.jpg"},"featured":{"file":"rodalies-catalunya-1000x430.jpg","width":1000,"height":430,"filesize":576221,"mime_type":"image\/jpeg","source_url":"https:\/\/clusterlogistic.org\/wp-content\/uploads\/2025\/01\/rodalies-catalunya-1000x430.jpg"},"featured_large":{"file":"rodalies-catalunya-1000x630.jpg","width":1000,"height":630,"filesize":834108,"mime_type":"image\/jpeg","source_url":"https:\/\/clusterlogistic.org\/wp-content\/uploads\/2025\/01\/rodalies-catalunya-1000x630.jpg"},"portfolio":{"file":"rodalies-catalunya-495x400.jpg","width":495,"height":400,"filesize":284480,"mime_type":"image\/jpeg","source_url":"https:\/\/clusterlogistic.org\/wp-content\/uploads\/2025\/01\/rodalies-catalunya-495x400.jpg"},"portfolio_small":{"file":"rodalies-catalunya-260x185.jpg","width":260,"height":185,"filesize":81499,"mime_type":"image\/jpeg","source_url":"https:\/\/clusterlogistic.org\/wp-content\/uploads\/2025\/01\/rodalies-catalunya-260x185.jpg"},"gallery":{"file":"rodalies-catalunya-845x664.jpg","width":845,"height":664,"filesize":757099,"mime_type":"image\/jpeg","source_url":"https:\/\/clusterlogistic.org\/wp-content\/uploads\/2025\/01\/rodalies-catalunya-845x664.jpg"},"magazine":{"file":"rodalies-catalunya-710x375.jpg","width":710,"height":375,"filesize":365088,"mime_type":"image\/jpeg","source_url":"https:\/\/clusterlogistic.org\/wp-content\/uploads\/2025\/01\/rodalies-catalunya-710x375.jpg"},"masonry":{"file":"rodalies-catalunya-705x468.jpg","width":705,"height":468,"filesize":457111,"mime_type":"image\/jpeg","source_url":"https:\/\/clusterlogistic.org\/wp-content\/uploads\/2025\/01\/rodalies-catalunya-705x468.jpg"},"entry_with_sidebar":{"file":"rodalies-catalunya-845x321.jpg","width":845,"height":321,"filesize":355482,"mime_type":"image\/jpeg","source_url":"https:\/\/clusterlogistic.org\/wp-content\/uploads\/2025\/01\/rodalies-catalunya-845x321.jpg"},"entry_without_sidebar":{"file":"rodalies-catalunya-1000x423.jpg","width":1000,"height":423,"filesize":540149,"mime_type":"image\/jpeg","source_url":"https:\/\/clusterlogistic.org\/wp-content\/uploads\/2025\/01\/rodalies-catalunya-1000x423.jpg"},"cmplz_banner_image":{"file":"rodalies-catalunya-350x100.jpg","width":350,"height":100,"filesize":58845,"mime_type":"image\/jpeg","source_url":"https:\/\/clusterlogistic.org\/wp-content\/uploads\/2025\/01\/rodalies-catalunya-350x100.jpg"},"full":{"file":"rodalies-catalunya.jpg","width":1000,"height":664,"mime_type":"image\/jpeg","source_url":"https:\/\/clusterlogistic.org\/wp-content\/uploads\/2025\/01\/rodalies-catalunya.jpg"}},"image_meta":{"aperture":"0","credit":"","camera":"","caption":"","created_timestamp":"0","copyright":"","focal_length":"0","iso":"0","shutter_speed":"0","title":"","orientation":"0","keywords":[]}},"post":8909,"source_url":"https:\/\/clusterlogistic.org\/wp-content\/uploads\/2025\/01\/rodalies-catalunya.jpg","_links":{"self":[{"href":"https:\/\/clusterlogistic.org\/es\/wp-json\/wp\/v2\/media\/8910","targetHints":{"allow":["GET"]}}],"collection":[{"href":"https:\/\/clusterlogistic.org\/es\/wp-json\/wp\/v2\/media"}],"about":[{"href":"https:\/\/clusterlogistic.org\/es\/wp-json\/wp\/v2\/types\/attachment"}],"author":[{"embeddable":true,"href":"https:\/\/clusterlogistic.org\/es\/wp-json\/wp\/v2\/users\/3"}],"replies":[{"embeddable":true,"href":"https:\/\/clusterlogistic.org\/es\/wp-json\/wp\/v2\/comments?post=8910"}],"wp:attached-to":[{"embeddable":true,"post_type":"post","id":8909,"href":"https:\/\/clusterlogistic.org\/es\/wp-json\/wp\/v2\/posts\/8909"}],"curies":[{"name":"wp","href":"https:\/\/api.w.org\/{rel}","templated":true}]}}

<!-- This site is optimized with the Yoast SEO plugin v27.4 - https://yoast.com/product/yoast-seo-wordpress/ -->
<title>rodalies catalunya - Clúster Logístic de Catalunya</title>
<meta name="robots" content="index, follow, max-snippet:-1, max-image-preview:large, max-video-preview:-1" />
<link rel="canonical" href="https://clusterlogistic.org/wp-content/uploads/2025/01/rodalies-catalunya.jpg" />
<meta property="og:locale" content="es_ES" />
<meta property="og:type" content="article" />
<meta property="og:title" content="rodalies catalunya - Clúster Logístic de Catalunya" />
<meta property="og:url" content="https://clusterlogistic.org/wp-content/uploads/2025/01/rodalies-catalunya.jpg" />
<meta property="og:site_name" content="Clúster Logístic de Catalunya" />
<meta property="article:modified_time" content="2025-01-15T09:58:24+00:00" />
<meta property="og:image" content="https://clusterlogistic.org/wp-content/uploads/2025/01/rodalies-catalunya.jpg" />
	<meta property="og:image:width" content="1000" />
	<meta property="og:image:height" content="664" />
	<meta property="og:image:type" content="image/jpeg" />
<meta name="twitter:card" content="summary_large_image" />
<script type="application/ld+json" class="yoast-schema-graph">{"@context":"https:\/\/schema.org","@graph":[{"@type":"WebPage","@id":"https:\/\/clusterlogistic.org\/wp-content\/uploads\/2025\/01\/rodalies-catalunya.jpg","url":"https:\/\/clusterlogistic.org\/wp-content\/uploads\/2025\/01\/rodalies-catalunya.jpg","name":"rodalies catalunya - Clúster Logístic de Catalunya","isPartOf":{"@id":"https:\/\/clusterlogistic.org\/es\/#website"},"datePublished":"2025-01-15T09:58:20+00:00","dateModified":"2025-01-15T09:58:24+00:00","breadcrumb":{"@id":"https:\/\/clusterlogistic.org\/wp-content\/uploads\/2025\/01\/rodalies-catalunya.jpg#breadcrumb"},"inLanguage":"es","potentialAction":[{"@type":"ReadAction","target":["https:\/\/clusterlogistic.org\/wp-content\/uploads\/2025\/01\/rodalies-catalunya.jpg"]}]},{"@type":"BreadcrumbList","@id":"https:\/\/clusterlogistic.org\/wp-content\/uploads\/2025\/01\/rodalies-catalunya.jpg#breadcrumb","itemListElement":[{"@type":"ListItem","position":1,"name":"Portada","item":"https:\/\/clusterlogistic.org\/es\/"},{"@type":"ListItem","position":2,"name":"Cataluña avanza en la gestión propia de Cercanías","item":"https:\/\/clusterlogistic.org\/es\/cataluna-avanza-en-la-gestion-propia-de-cercanias\/"},{"@type":"ListItem","position":3,"name":"rodalies catalunya"}]},{"@type":"WebSite","@id":"https:\/\/clusterlogistic.org\/es\/#website","url":"https:\/\/clusterlogistic.org\/es\/","name":"Clúster Logístic de Catalunya","description":"associació sense ànim de lucre","publisher":{"@id":"https:\/\/clusterlogistic.org\/es\/#organization"},"potentialAction":[{"@type":"SearchAction","target":{"@type":"EntryPoint","urlTemplate":"https:\/\/clusterlogistic.org\/es\/?s={search_term_string}"},"query-input":{"@type":"PropertyValueSpecification","valueRequired":true,"valueName":"search_term_string"}}],"inLanguage":"es"},{"@type":"Organization","@id":"https:\/\/clusterlogistic.org\/es\/#organization","name":"Clúster Logístic de Catalunya","url":"https:\/\/clusterlogistic.org\/es\/","logo":{"@type":"ImageObject","inLanguage":"es","@id":"https:\/\/clusterlogistic.org\/es\/#\/schema\/logo\/image\/","url":"https:\/\/clusterlogistic.org\/wp-content\/uploads\/2017\/07\/cropped-Logo-CL-llegenda-gran.jpg","contentUrl":"https:\/\/clusterlogistic.org\/wp-content\/uploads\/2017\/07\/cropped-Logo-CL-llegenda-gran.jpg","width":512,"height":512,"caption":"Clúster Logístic de Catalunya"},"image":{"@id":"https:\/\/clusterlogistic.org\/es\/#\/schema\/logo\/image\/"}}]}</script>
<!-- / Yoast SEO plugin. -->

rodalies catalunya - Clúster Logístic de Catalunya

Clúster Logístic de Catalunya

Cataluña avanza en la gestión propia de Cercanías

associació sense ànim de lucre
