{"id":943,"date":"2018-10-19T21:56:44","date_gmt":"2018-10-19T21:56:44","guid":{"rendered":"https:\/\/clusterlogistic.org\/wp-content\/uploads\/2018\/10\/photo-1519994007676-baabab4bf574.jpeg"},"modified":"2018-10-20T11:47:55","modified_gmt":"2018-10-20T11:47:55","slug":"photo-1519994007676-baabab4bf574-2","status":"inherit","type":"attachment","link":"https:\/\/clusterlogistic.org\/es\/el-futuro-de-la-nueva-logistica-debe-ser-sostenible\/photo-1519994007676-baabab4bf574-2\/","title":{"rendered":"photo-1519994007676-baabab4bf574"},"author":4,"featured_media":0,"comment_status":"closed","ping_status":"closed","template":"","meta":[],"class_list":["post-943","attachment","type-attachment","status-inherit","hentry"],"yoast_head":"<!-- This site is optimized with the Yoast SEO plugin v27.4 - https:\/\/yoast.com\/product\/yoast-seo-wordpress\/ -->\n<title>photo-1519994007676-baabab4bf574 - Cl\u00faster Log\u00edstic de Catalunya<\/title>\n<meta name=\"robots\" content=\"index, follow, max-snippet:-1, max-image-preview:large, max-video-preview:-1\" \/>\n<link rel=\"canonical\" href=\"https:\/\/clusterlogistic.org\/wp-content\/uploads\/2018\/10\/photo-1519994007676-baabab4bf574.jpeg\" \/>\n<meta property=\"og:locale\" content=\"es_ES\" \/>\n<meta property=\"og:type\" content=\"article\" \/>\n<meta property=\"og:title\" content=\"photo-1519994007676-baabab4bf574 - Cl\u00faster Log\u00edstic de Catalunya\" \/>\n<meta property=\"og:url\" content=\"https:\/\/clusterlogistic.org\/wp-content\/uploads\/2018\/10\/photo-1519994007676-baabab4bf574.jpeg\" \/>\n<meta property=\"og:site_name\" content=\"Cl\u00faster Log\u00edstic de Catalunya\" \/>\n<meta property=\"article:modified_time\" content=\"2018-10-20T11:47:55+00:00\" \/>\n<meta property=\"og:image\" content=\"https:\/\/clusterlogistic.org\/wp-content\/uploads\/2018\/10\/photo-1519994007676-baabab4bf574.jpeg\" \/>\n\t<meta property=\"og:image:width\" content=\"975\" \/>\n\t<meta property=\"og:image:height\" content=\"1301\" \/>\n\t<meta property=\"og:image:type\" content=\"image\/jpeg\" \/>\n<meta name=\"twitter:card\" content=\"summary_large_image\" \/>\n<script type=\"application\/ld+json\" class=\"yoast-schema-graph\">{\"@context\":\"https:\\\/\\\/schema.org\",\"@graph\":[{\"@type\":\"WebPage\",\"@id\":\"https:\\\/\\\/clusterlogistic.org\\\/wp-content\\\/uploads\\\/2018\\\/10\\\/photo-1519994007676-baabab4bf574.jpeg\",\"url\":\"https:\\\/\\\/clusterlogistic.org\\\/wp-content\\\/uploads\\\/2018\\\/10\\\/photo-1519994007676-baabab4bf574.jpeg\",\"name\":\"photo-1519994007676-baabab4bf574 - Cl\u00faster Log\u00edstic de Catalunya\",\"isPartOf\":{\"@id\":\"https:\\\/\\\/clusterlogistic.org\\\/es\\\/#website\"},\"datePublished\":\"2018-10-19T21:56:44+00:00\",\"dateModified\":\"2018-10-20T11:47:55+00:00\",\"breadcrumb\":{\"@id\":\"https:\\\/\\\/clusterlogistic.org\\\/wp-content\\\/uploads\\\/2018\\\/10\\\/photo-1519994007676-baabab4bf574.jpeg#breadcrumb\"},\"inLanguage\":\"es\",\"potentialAction\":[{\"@type\":\"ReadAction\",\"target\":[\"https:\\\/\\\/clusterlogistic.org\\\/wp-content\\\/uploads\\\/2018\\\/10\\\/photo-1519994007676-baabab4bf574.jpeg\"]}]},{\"@type\":\"BreadcrumbList\",\"@id\":\"https:\\\/\\\/clusterlogistic.org\\\/wp-content\\\/uploads\\\/2018\\\/10\\\/photo-1519994007676-baabab4bf574.jpeg#breadcrumb\",\"itemListElement\":[{\"@type\":\"ListItem\",\"position\":1,\"name\":\"Portada\",\"item\":\"https:\\\/\\\/clusterlogistic.org\\\/es\\\/\"},{\"@type\":\"ListItem\",\"position\":2,\"name\":\"El futuro de la nueva log\u00edstica debe ser sostenible\",\"item\":\"https:\\\/\\\/clusterlogistic.org\\\/es\\\/el-futuro-de-la-nueva-logistica-debe-ser-sostenible\\\/\"},{\"@type\":\"ListItem\",\"position\":3,\"name\":\"photo-1519994007676-baabab4bf574\"}]},{\"@type\":\"WebSite\",\"@id\":\"https:\\\/\\\/clusterlogistic.org\\\/es\\\/#website\",\"url\":\"https:\\\/\\\/clusterlogistic.org\\\/es\\\/\",\"name\":\"Cl\u00faster Log\u00edstic de Catalunya\",\"description\":\"associaci\u00f3 sense \u00e0nim de lucre\",\"publisher\":{\"@id\":\"https:\\\/\\\/clusterlogistic.org\\\/es\\\/#organization\"},\"potentialAction\":[{\"@type\":\"SearchAction\",\"target\":{\"@type\":\"EntryPoint\",\"urlTemplate\":\"https:\\\/\\\/clusterlogistic.org\\\/es\\\/?s={search_term_string}\"},\"query-input\":{\"@type\":\"PropertyValueSpecification\",\"valueRequired\":true,\"valueName\":\"search_term_string\"}}],\"inLanguage\":\"es\"},{\"@type\":\"Organization\",\"@id\":\"https:\\\/\\\/clusterlogistic.org\\\/es\\\/#organization\",\"name\":\"Cl\u00faster Log\u00edstic de Catalunya\",\"url\":\"https:\\\/\\\/clusterlogistic.org\\\/es\\\/\",\"logo\":{\"@type\":\"ImageObject\",\"inLanguage\":\"es\",\"@id\":\"https:\\\/\\\/clusterlogistic.org\\\/es\\\/#\\\/schema\\\/logo\\\/image\\\/\",\"url\":\"https:\\\/\\\/clusterlogistic.org\\\/wp-content\\\/uploads\\\/2017\\\/07\\\/cropped-Logo-CL-llegenda-gran.jpg\",\"contentUrl\":\"https:\\\/\\\/clusterlogistic.org\\\/wp-content\\\/uploads\\\/2017\\\/07\\\/cropped-Logo-CL-llegenda-gran.jpg\",\"width\":512,\"height\":512,\"caption\":\"Cl\u00faster Log\u00edstic de Catalunya\"},\"image\":{\"@id\":\"https:\\\/\\\/clusterlogistic.org\\\/es\\\/#\\\/schema\\\/logo\\\/image\\\/\"}}]}<\/script>\n<!-- \/ Yoast SEO plugin. -->","yoast_head_json":{"title":"photo-1519994007676-baabab4bf574 - Cl\u00faster Log\u00edstic de Catalunya","robots":{"index":"index","follow":"follow","max-snippet":"max-snippet:-1","max-image-preview":"max-image-preview:large","max-video-preview":"max-video-preview:-1"},"canonical":"https:\/\/clusterlogistic.org\/wp-content\/uploads\/2018\/10\/photo-1519994007676-baabab4bf574.jpeg","og_locale":"es_ES","og_type":"article","og_title":"photo-1519994007676-baabab4bf574 - Cl\u00faster Log\u00edstic de Catalunya","og_url":"https:\/\/clusterlogistic.org\/wp-content\/uploads\/2018\/10\/photo-1519994007676-baabab4bf574.jpeg","og_site_name":"Cl\u00faster Log\u00edstic de Catalunya","article_modified_time":"2018-10-20T11:47:55+00:00","og_image":[{"width":975,"height":1301,"url":"https:\/\/clusterlogistic.org\/wp-content\/uploads\/2018\/10\/photo-1519994007676-baabab4bf574.jpeg","type":"image\/jpeg"}],"twitter_card":"summary_large_image","schema":{"@context":"https:\/\/schema.org","@graph":[{"@type":"WebPage","@id":"https:\/\/clusterlogistic.org\/wp-content\/uploads\/2018\/10\/photo-1519994007676-baabab4bf574.jpeg","url":"https:\/\/clusterlogistic.org\/wp-content\/uploads\/2018\/10\/photo-1519994007676-baabab4bf574.jpeg","name":"photo-1519994007676-baabab4bf574 - Cl\u00faster Log\u00edstic de Catalunya","isPartOf":{"@id":"https:\/\/clusterlogistic.org\/es\/#website"},"datePublished":"2018-10-19T21:56:44+00:00","dateModified":"2018-10-20T11:47:55+00:00","breadcrumb":{"@id":"https:\/\/clusterlogistic.org\/wp-content\/uploads\/2018\/10\/photo-1519994007676-baabab4bf574.jpeg#breadcrumb"},"inLanguage":"es","potentialAction":[{"@type":"ReadAction","target":["https:\/\/clusterlogistic.org\/wp-content\/uploads\/2018\/10\/photo-1519994007676-baabab4bf574.jpeg"]}]},{"@type":"BreadcrumbList","@id":"https:\/\/clusterlogistic.org\/wp-content\/uploads\/2018\/10\/photo-1519994007676-baabab4bf574.jpeg#breadcrumb","itemListElement":[{"@type":"ListItem","position":1,"name":"Portada","item":"https:\/\/clusterlogistic.org\/es\/"},{"@type":"ListItem","position":2,"name":"El futuro de la nueva log\u00edstica debe ser sostenible","item":"https:\/\/clusterlogistic.org\/es\/el-futuro-de-la-nueva-logistica-debe-ser-sostenible\/"},{"@type":"ListItem","position":3,"name":"photo-1519994007676-baabab4bf574"}]},{"@type":"WebSite","@id":"https:\/\/clusterlogistic.org\/es\/#website","url":"https:\/\/clusterlogistic.org\/es\/","name":"Cl\u00faster Log\u00edstic de Catalunya","description":"associaci\u00f3 sense \u00e0nim de lucre","publisher":{"@id":"https:\/\/clusterlogistic.org\/es\/#organization"},"potentialAction":[{"@type":"SearchAction","target":{"@type":"EntryPoint","urlTemplate":"https:\/\/clusterlogistic.org\/es\/?s={search_term_string}"},"query-input":{"@type":"PropertyValueSpecification","valueRequired":true,"valueName":"search_term_string"}}],"inLanguage":"es"},{"@type":"Organization","@id":"https:\/\/clusterlogistic.org\/es\/#organization","name":"Cl\u00faster Log\u00edstic de Catalunya","url":"https:\/\/clusterlogistic.org\/es\/","logo":{"@type":"ImageObject","inLanguage":"es","@id":"https:\/\/clusterlogistic.org\/es\/#\/schema\/logo\/image\/","url":"https:\/\/clusterlogistic.org\/wp-content\/uploads\/2017\/07\/cropped-Logo-CL-llegenda-gran.jpg","contentUrl":"https:\/\/clusterlogistic.org\/wp-content\/uploads\/2017\/07\/cropped-Logo-CL-llegenda-gran.jpg","width":512,"height":512,"caption":"Cl\u00faster Log\u00edstic de Catalunya"},"image":{"@id":"https:\/\/clusterlogistic.org\/es\/#\/schema\/logo\/image\/"}}]}},"description":{"rendered":"<p class=\"attachment\"><a href='https:\/\/clusterlogistic.org\/wp-content\/uploads\/2018\/10\/photo-1519994007676-baabab4bf574.jpeg'><img loading=\"lazy\" decoding=\"async\" width=\"225\" height=\"300\" src=\"https:\/\/clusterlogistic.org\/wp-content\/uploads\/2018\/10\/photo-1519994007676-baabab4bf574-225x300.jpeg\" class=\"attachment-medium size-medium\" alt=\"Log\u00edstica sostenible\" srcset=\"https:\/\/clusterlogistic.org\/wp-content\/uploads\/2018\/10\/photo-1519994007676-baabab4bf574-225x300.jpeg 225w, https:\/\/clusterlogistic.org\/wp-content\/uploads\/2018\/10\/photo-1519994007676-baabab4bf574-768x1025.jpeg 768w, https:\/\/clusterlogistic.org\/wp-content\/uploads\/2018\/10\/photo-1519994007676-baabab4bf574-767x1024.jpeg 767w, https:\/\/clusterlogistic.org\/wp-content\/uploads\/2018\/10\/photo-1519994007676-baabab4bf574.jpeg 975w\" sizes=\"auto, (max-width: 225px) 100vw, 225px\" \/><\/a><\/p>\n"},"caption":{"rendered":""},"alt_text":"Log\u00edstica sostenible","media_type":"image","mime_type":"image\/jpeg","media_details":{"width":975,"height":1301,"file":"2018\/10\/photo-1519994007676-baabab4bf574.jpeg","sizes":{"thumbnail":{"file":"photo-1519994007676-baabab4bf574-150x150.jpeg","width":150,"height":150,"mime_type":"image\/jpeg","source_url":"https:\/\/clusterlogistic.org\/wp-content\/uploads\/2018\/10\/photo-1519994007676-baabab4bf574-150x150.jpeg"},"medium":{"file":"photo-1519994007676-baabab4bf574-225x300.jpeg","width":225,"height":300,"mime_type":"image\/jpeg","source_url":"https:\/\/clusterlogistic.org\/wp-content\/uploads\/2018\/10\/photo-1519994007676-baabab4bf574-225x300.jpeg"},"medium_large":{"file":"photo-1519994007676-baabab4bf574-768x1025.jpeg","width":768,"height":1025,"mime_type":"image\/jpeg","source_url":"https:\/\/clusterlogistic.org\/wp-content\/uploads\/2018\/10\/photo-1519994007676-baabab4bf574-768x1025.jpeg"},"large":{"file":"photo-1519994007676-baabab4bf574-767x1024.jpeg","width":767,"height":1024,"mime_type":"image\/jpeg","source_url":"https:\/\/clusterlogistic.org\/wp-content\/uploads\/2018\/10\/photo-1519994007676-baabab4bf574-767x1024.jpeg"},"et-pb-post-main-image":{"file":"photo-1519994007676-baabab4bf574-400x250.jpeg","width":400,"height":250,"mime_type":"image\/jpeg","source_url":"https:\/\/clusterlogistic.org\/wp-content\/uploads\/2018\/10\/photo-1519994007676-baabab4bf574-400x250.jpeg"},"et-pb-post-main-image-fullwidth":{"file":"photo-1519994007676-baabab4bf574-975x675.jpeg","width":975,"height":675,"mime_type":"image\/jpeg","source_url":"https:\/\/clusterlogistic.org\/wp-content\/uploads\/2018\/10\/photo-1519994007676-baabab4bf574-975x675.jpeg"},"et-pb-portfolio-image":{"file":"photo-1519994007676-baabab4bf574-400x284.jpeg","width":400,"height":284,"mime_type":"image\/jpeg","source_url":"https:\/\/clusterlogistic.org\/wp-content\/uploads\/2018\/10\/photo-1519994007676-baabab4bf574-400x284.jpeg"},"et-pb-portfolio-module-image":{"file":"photo-1519994007676-baabab4bf574-510x382.jpeg","width":510,"height":382,"mime_type":"image\/jpeg","source_url":"https:\/\/clusterlogistic.org\/wp-content\/uploads\/2018\/10\/photo-1519994007676-baabab4bf574-510x382.jpeg"},"et-pb-gallery-module-image-portrait":{"file":"photo-1519994007676-baabab4bf574-400x516.jpeg","width":400,"height":516,"mime_type":"image\/jpeg","source_url":"https:\/\/clusterlogistic.org\/wp-content\/uploads\/2018\/10\/photo-1519994007676-baabab4bf574-400x516.jpeg"},"full":{"file":"photo-1519994007676-baabab4bf574.jpeg","width":975,"height":1301,"mime_type":"image\/jpeg","source_url":"https:\/\/clusterlogistic.org\/wp-content\/uploads\/2018\/10\/photo-1519994007676-baabab4bf574.jpeg"}},"image_meta":{"aperture":"0","credit":"","camera":"","caption":"","created_timestamp":"0","copyright":"","focal_length":"0","iso":"0","shutter_speed":"0","title":"","orientation":"0","keywords":[]}},"post":952,"source_url":"https:\/\/clusterlogistic.org\/wp-content\/uploads\/2018\/10\/photo-1519994007676-baabab4bf574.jpeg","_links":{"self":[{"href":"https:\/\/clusterlogistic.org\/es\/wp-json\/wp\/v2\/media\/943","targetHints":{"allow":["GET"]}}],"collection":[{"href":"https:\/\/clusterlogistic.org\/es\/wp-json\/wp\/v2\/media"}],"about":[{"href":"https:\/\/clusterlogistic.org\/es\/wp-json\/wp\/v2\/types\/attachment"}],"author":[{"embeddable":true,"href":"https:\/\/clusterlogistic.org\/es\/wp-json\/wp\/v2\/users\/4"}],"replies":[{"embeddable":true,"href":"https:\/\/clusterlogistic.org\/es\/wp-json\/wp\/v2\/comments?post=943"}],"wp:attached-to":[{"embeddable":true,"post_type":"post","id":952,"href":"https:\/\/clusterlogistic.org\/es\/wp-json\/wp\/v2\/posts\/952"}],"curies":[{"name":"wp","href":"https:\/\/api.w.org\/{rel}","templated":true}]}}

<!-- This site is optimized with the Yoast SEO plugin v27.4 - https://yoast.com/product/yoast-seo-wordpress/ -->
<title>photo-1519994007676-baabab4bf574 - Clúster Logístic de Catalunya</title>
<meta name="robots" content="index, follow, max-snippet:-1, max-image-preview:large, max-video-preview:-1" />
<link rel="canonical" href="https://clusterlogistic.org/wp-content/uploads/2018/10/photo-1519994007676-baabab4bf574.jpeg" />
<meta property="og:locale" content="es_ES" />
<meta property="og:type" content="article" />
<meta property="og:title" content="photo-1519994007676-baabab4bf574 - Clúster Logístic de Catalunya" />
<meta property="og:url" content="https://clusterlogistic.org/wp-content/uploads/2018/10/photo-1519994007676-baabab4bf574.jpeg" />
<meta property="og:site_name" content="Clúster Logístic de Catalunya" />
<meta property="article:modified_time" content="2018-10-20T11:47:55+00:00" />
<meta property="og:image" content="https://clusterlogistic.org/wp-content/uploads/2018/10/photo-1519994007676-baabab4bf574.jpeg" />
	<meta property="og:image:width" content="975" />
	<meta property="og:image:height" content="1301" />
	<meta property="og:image:type" content="image/jpeg" />
<meta name="twitter:card" content="summary_large_image" />
<script type="application/ld+json" class="yoast-schema-graph">{"@context":"https:\/\/schema.org","@graph":[{"@type":"WebPage","@id":"https:\/\/clusterlogistic.org\/wp-content\/uploads\/2018\/10\/photo-1519994007676-baabab4bf574.jpeg","url":"https:\/\/clusterlogistic.org\/wp-content\/uploads\/2018\/10\/photo-1519994007676-baabab4bf574.jpeg","name":"photo-1519994007676-baabab4bf574 - Clúster Logístic de Catalunya","isPartOf":{"@id":"https:\/\/clusterlogistic.org\/es\/#website"},"datePublished":"2018-10-19T21:56:44+00:00","dateModified":"2018-10-20T11:47:55+00:00","breadcrumb":{"@id":"https:\/\/clusterlogistic.org\/wp-content\/uploads\/2018\/10\/photo-1519994007676-baabab4bf574.jpeg#breadcrumb"},"inLanguage":"es","potentialAction":[{"@type":"ReadAction","target":["https:\/\/clusterlogistic.org\/wp-content\/uploads\/2018\/10\/photo-1519994007676-baabab4bf574.jpeg"]}]},{"@type":"BreadcrumbList","@id":"https:\/\/clusterlogistic.org\/wp-content\/uploads\/2018\/10\/photo-1519994007676-baabab4bf574.jpeg#breadcrumb","itemListElement":[{"@type":"ListItem","position":1,"name":"Portada","item":"https:\/\/clusterlogistic.org\/es\/"},{"@type":"ListItem","position":2,"name":"El futuro de la nueva logística debe ser sostenible","item":"https:\/\/clusterlogistic.org\/es\/el-futuro-de-la-nueva-logistica-debe-ser-sostenible\/"},{"@type":"ListItem","position":3,"name":"photo-1519994007676-baabab4bf574"}]},{"@type":"WebSite","@id":"https:\/\/clusterlogistic.org\/es\/#website","url":"https:\/\/clusterlogistic.org\/es\/","name":"Clúster Logístic de Catalunya","description":"associació sense ànim de lucre","publisher":{"@id":"https:\/\/clusterlogistic.org\/es\/#organization"},"potentialAction":[{"@type":"SearchAction","target":{"@type":"EntryPoint","urlTemplate":"https:\/\/clusterlogistic.org\/es\/?s={search_term_string}"},"query-input":{"@type":"PropertyValueSpecification","valueRequired":true,"valueName":"search_term_string"}}],"inLanguage":"es"},{"@type":"Organization","@id":"https:\/\/clusterlogistic.org\/es\/#organization","name":"Clúster Logístic de Catalunya","url":"https:\/\/clusterlogistic.org\/es\/","logo":{"@type":"ImageObject","inLanguage":"es","@id":"https:\/\/clusterlogistic.org\/es\/#\/schema\/logo\/image\/","url":"https:\/\/clusterlogistic.org\/wp-content\/uploads\/2017\/07\/cropped-Logo-CL-llegenda-gran.jpg","contentUrl":"https:\/\/clusterlogistic.org\/wp-content\/uploads\/2017\/07\/cropped-Logo-CL-llegenda-gran.jpg","width":512,"height":512,"caption":"Clúster Logístic de Catalunya"},"image":{"@id":"https:\/\/clusterlogistic.org\/es\/#\/schema\/logo\/image\/"}}]}</script>
<!-- / Yoast SEO plugin. -->

photo-1519994007676-baabab4bf574 - Clúster Logístic de Catalunya

Clúster Logístic de Catalunya

El futuro de la nueva logística debe ser sostenible

associació sense ànim de lucre

<p class="attachment"><a href='https://clusterlogistic.org/wp-content/uploads/2018/10/photo-1519994007676-baabab4bf574.jpeg'><img loading="lazy" decoding="async" width="225" height="300" src="https://clusterlogistic.org/wp-content/uploads/2018/10/photo-1519994007676-baabab4bf574-225x300.jpeg" class="attachment-medium size-medium" alt="Logística sostenible" srcset="https://clusterlogistic.org/wp-content/uploads/2018/10/photo-1519994007676-baabab4bf574-225x300.jpeg 225w, https://clusterlogistic.org/wp-content/uploads/2018/10/photo-1519994007676-baabab4bf574-768x1025.jpeg 768w, https://clusterlogistic.org/wp-content/uploads/2018/10/photo-1519994007676-baabab4bf574-767x1024.jpeg 767w, https://clusterlogistic.org/wp-content/uploads/2018/10/photo-1519994007676-baabab4bf574.jpeg 975w" sizes="auto, (max-width: 225px) 100vw, 225px" /></a></p>

Logística sostenible
